((-3)/12) + 87. Let u = p + -3. What is the tens digit of u?
8
Let r be (7/((-49)/6))/((-8)/448). What is the hundreds digit of 745/2*r/120?
1
Let m = -508 - -1329. Let k = -1 + m. What is the hundreds digit of k?
8
Suppose 16*f - 29 = 15*f. What is the units digit of (1 - -866)*f/87?
9
Let w = 6681 + 15112. What is the tens digit of w?
9
Suppose 17*c - 19*c = m - 282, -1437 = -5*m - c. Suppose -5*s - 17 = -3*n, 7 = n - 3*s - 0. Suppose 0*i = n*i - m. What is the units digit of i?
2
Let g = 14 + -16. Let i be ((-3)/g)/(11/550). What is the tens digit of i/2 - (-1)/2?
3
Suppose 391*h - 5667030 = 252*h. What is the hundreds digit of h?
7
Let m(y) = y**3 + 22*y**2 - 13*y - 6. Let j be m(-22). Let a = j + 180. What is the hundreds digit of a?
4
Let r(j) = -13*j**3 + 17*j**2 - 8*j + 105. What is the tens digit of r(-14)?
2
Suppose 5*x + k - 170 = 331, -4*x = 3*k - 403. Let r be (48/(-5))/((-1)/20). Let a = r - x. What is the tens digit of a?
9
Suppose -5*l - 48*h = -49*h - 19952, 0 = 3*l - 2*h - 11974. What is the tens digit of l?
9
Let r(b) = 147*b + 264. Let k be r(-10). Let w = k - -2235. What is the thousands digit of w?
1
Suppose -22825 - 51057 = n. What is the units digit of 4/(-6) - n/123?
0
Let c = 36 - 63. Suppose 7*m + 1117 = -290. Let i = c - m. What is the tens digit of i?
7
Suppose 6*a + 31710 + 24112 = 44*a. What is the thousands digit of a?
1
Suppose 95*a = 159*a - 5169920. What is the tens digit of a?
8
Suppose 0 = 21*i - 1490620 + 566578. What is the units digit of i?
2
Let v(c) = -44*c - 7. Let t be v(-2). Suppose 0 = 2*s - 3*o - t, 2*s + 0*o - 75 = 5*o. Suppose -2*l + 3*l = s. What is the units digit of l?
5
Let q(u) = -6 - 2 + 6 - 8*u + 5*u. Let k be q(-2). Suppose 0 = 3*r + k*w - 176, -r + 286 = 4*r + 3*w. What is the units digit of r?
6
Let i(a) = -81*a - 1. Let v be i(9). Let m = v + 1016. What is the tens digit of m?
8
Let m(x) = 6*x**2 + 6 - 11 - 14 - 11 - 4*x. What is the units digit of m(-6)?
0
Let u = 1696 - -16917. What is the tens digit of u?
1
Let n = -5465 + 10505. Suppose -102*r = -109*r + n. What is the hundreds digit of r?
7
Suppose -57*m = -61*m + 8. Suppose 0 = 6*o + m*o - 1056. What is the units digit of o?
2
Suppose 232 = -4*i + 4*r, 0 = 3*r - 0*r - 6. What is the tens digit of (-14)/1*(-7)/(i/(-212))?
7
Suppose 4*m + 21*f - 14794 = 20*f, 2*f + 3685 = m. What is the tens digit of m?
9
Let u(z) be the first derivative of -z**3/3 + 3*z**2 + 22*z + 9. Let y be u(8). Let m(k) = k**3 - 3*k**2 - 10*k + 19. What is the tens digit of m(y)?
6
Let n(l) = 48*l**2 + 102*l + 1241. What is the ten thousands digit of n(-25)?
2
Let o be (-11 + 8)/((-6)/4). Suppose -2*w + 19 = g + o*w, 5*w - 24 = -g. Let m = g - -14. What is the units digit of m?
3
Let u(o) = -4*o**3 - 26*o**2 - 20*o - 22. Let a(c) = -3*c**3 - 17*c**2 - 13*c - 15. Let h(t) = 7*a(t) - 5*u(t). What is the units digit of h(-2)?
9
Let m be (3 + 0 - -1) + -39. Let r = m - -39. Suppose 0 = -i - 3*w + 132, -r*i + i = -5*w - 340. What is the tens digit of i?
2
Let q = -3803 - -9787. What is the tens digit of q?
8
Suppose 5*t - 3 = 3*t - h, 4*h = -3*t + 12. What is the tens digit of -3 - (-227 - t/(-8))?
2
Let t be 2/(-2) + (-27)/(-9). Let o(j) = 8*j + 25. What is the tens digit of o(t)?
4
Let s = 2373 - -983. What is the hundreds digit of s?
3
Let g(j) = -j + 6. Let k be g(6). Suppose 2*o - 222 - 304 = k. What is the hundreds digit of o?
2
Let n = 347 - -1952. What is the tens digit of n?
9
Suppose -94*x = -66531 - 88475. What is the hundreds digit of x?
6
Let b be (3 - 0) + 0 + -3. Suppose 2*f = -16*f + 2178. Suppose -5*s + f + 469 = b. What is the units digit of s?
8
Suppose -4*s + 28 = -4*q, -s + 4*q = -2*s + 22. Let d(u) = 25*u + 3. What is the tens digit of d(s)?
5
Let p(k) = k**3 - k**2 + k + 1. Let n(x) = -6*x**3 + 4*x**2 + x - 3. Let u(s) = n(s) + 3*p(s). What is the tens digit of u(-2)?
2
Let w = -1175 + 8913. What is the thousands digit of w?
7
Suppose -7154 + 54962 = 36*o. Suppose 1326 = j + b, 4*j = 5*j + 3*b - o. What is the tens digit of j?
2
Let p be 3/(-6) - (4 + (-21)/2). Suppose 5*m = 6*m - 186. Suppose -m = 4*c - p*c. What is the units digit of c?
3
Let q(m) = 4*m**2 - 3*m - 30. Let t be q(-6). Suppose -3*b - 2*c = -118, -4*c + 44 - t = -3*b. What is the tens digit of b?
3
Suppose -16*n = -10*n - 42. Let i = -78 - -36. What is the units digit of (-1842)/i + 1/n?
4
Let c(u) = 10*u**2 + 33*u + 11. Let m(o) = 5*o**2 + 16*o + 5. Let b(k) = 3*c(k) - 5*m(k). What is the units digit of b(-15)?
8
Let f = 32 + -20. Let i be (f - 7)/((-1)/(-30)). Suppose i = 4*m + 34. What is the tens digit of m?
2
Let b(n) = 48*n**2 + 10*n - 1. Let y be b(2). Let c = y + -141. What is the tens digit of c?
7
Let k(x) = 7 - 2 + 18*x - 2 + 9*x**3 - 10*x**3 - 17*x**2 + 17. What is the units digit of k(-18)?
0
Let j be 4 + (-6)/2 - -12. Suppose -2*a + 21 = j. Suppose 2*u = a*c + 158, 0 = -4*u + 2*c - 219 + 547. What is the tens digit of u?
8
Suppose -21 + 23 = -n. What is the hundreds digit of (474 - -1 - n)*1 - 4?
4
Suppose 215*j - 211*j - c - 61190 = 0, -4*c - 76482 = -5*j. What is the ten thousands digit of j?
1
Suppose -136*r + 14580 = -46*r. What is the hundreds digit of r?
1
Let b = 37 - 39. Let l be (b - 0)/((-4)/10). Suppose -l*y = y - 300. What is the tens digit of y?
5
Let z be 2/(32/(-172)) - (-9)/12. Let o(m) = -m**3 - 4*m**2 + 13*m. What is the hundreds digit of o(z)?
4
Suppose 3*w + 2*y = 76030 + 56427, -w = y - 44151. What is the units digit of w?
5
Suppose 0 = -3*v - h + 6005, 3*v = h + 3*h + 6010. Suppose -10*s - 3*s + v = 0. What is the hundreds digit of s?
1
Let z = 833 + -811. Let f(h) = 3*h**2 - 9*h - 93. What is the units digit of f(z)?
1
What is the thousands digit of (-4)/(((-216)/(-87162))/(-9))?
4
Let p(c) be the second derivative of c**5/20 + c**4/2 + 11*c**3/6 + 2*c**2 - 28*c. Let y be p(-4). Let s = 52 + y. What is the units digit of s?
4
Suppose 5*v = -2*p + 49609, -186*v = 5*p - 187*v - 124036. What is the thousands digit of p?
4
Let w be (5214/55)/((-4)/30). Let k = w - -1552. What is the units digit of k?
1
Let z(h) = 13*h**3 - 6*h**2 - 271*h + 24. What is the hundreds digit of z(16)?
4
What is the thousands digit of 1 + 59694 - ((-154)/(-2541) - (-1064)/(-132))?
9
Let s = -113 + 299. Suppose 0 = 5*v - y - 1595, -3*v - 3*y = -753 - s. What is the tens digit of v?
1
Let a be 3 + -5 - 6*-1. Let r be 10*(16/(-72))/((-4)/9). Suppose 0 = v - r*u - 41, v - a*u = -3*v + 212. What is the units digit of v?
6
Let v(x) = 14*x**2 - 30*x + 14. Let i(c) = -9*c**2 + 19*c - 10. Let b(w) = -8*i(w) - 5*v(w). What is the tens digit of b(-12)?
2
Suppose -4*u - 84 = -88. What is the units digit of (8 + 0)*u - -1090?
8
Suppose 4*a + 32 = 2*k, -k + 2*a - 14 = -3*k. Suppose p = -k + 6. What is the units digit of (-40)/(-15)*(-105)/p?
0
What is the hundreds digit of 428849/19 + (15 - 10)?
5
Let m(t) be the third derivative of -121*t**4/12 + 11*t**3/2 - 53*t**2 - t. What is the hundreds digit of m(-3)?
7
Suppose 0 = -26*v + 120155 + 15825. What is the tens digit of v?
3
What is the ten thousands digit of 4144864/160 - (-6)/10?
2
What is the thousands digit of (-28)/42*80970/25*(-10)/2?
0
Suppose 0 = 5*l + 6*l - 1716. Suppose w + 2*b = l, 2*w = 5*b - 4*b + 337. What is the units digit of w?
6
Let c(w) = 8*w**2 + 8. Let g = -82 + 43. Let j = -36 - g. What is the units digit of c(j)?
0
Suppose -272024 = 151*l - 923438. What is the units digit of l?
4
Suppose 5*c = -4*d + 10, 4*c - 3 = -2*d - 1. Suppose -2*p + 2*a + 895 = a, -2*p = -d*a - 907. What is the tens digit of p?
4
Let h = -490 - -50. Let y = -251 - h. What is the units digit of y?
9
Suppose 0 = 3*a + 5*v - 24, -3*a - 4*v + 20 + 4 = 0. Let d(i) = 9*i - 84. Let k be d(a). Let m = 34 - k. What is the units digit of m?
6
Let z be 2/(-13 - -11) + 38/2. Suppose 0 = z*l + 10*l - 42000. What is the hundreds digit of l?
5
Let q = 169 - 160. Suppose -23*x + q*x + 6286 = 0. What is the tens digit of x?
4
Let n(c) = -2*c**2 + 5*c - 7. Let u be n(2). Let j(y) = y**2 + 7*y + 16. Let f be j(u). Suppose -f*i + 184 = -44. What is the units digit of i?
8
Let z be (-4)/(((-35)/40)/7). Let d = -36 + z. What is the tens digit of (2/(-4))/(d/576)?
7
Let l be (-6430)/34 - (-2)/17. Let m = 301 + l. What is the hundreds digit of m - 6/3